 the prime factors of 70.
2, 5, 7
List the prime factors of 107956.
2, 137, 197
List the prime factors of 2801.
2801
List the prime factors of 2862.
2, 3, 53
What are the prime factors of 48289?
43, 1123
What are the prime factors of 21966?
2, 3, 7, 523
List the prime factors of 99544.
2, 23, 541
List the prime factors of 7576.
2, 947
What are the prime factors of 2726?
2, 29, 47
What are the prime factors of 3580?
2, 5, 179
List the prime factors of 85567.
41, 2087
What are the prime factors of 4392?
2, 3, 61
What are the prime factors of 9803?
9803
What are the prime factors of 49330?
2, 5, 4933
What are the prime factors of 5965?
5, 1193
List the prime factors of 436.
2, 109
What are the prime factors of 1229?
1229
What are the prime factors of 71166?
2, 3, 29, 409
List the prime factors of 612.
2, 3, 17
What are the prime factors of 1311?
3, 19, 23
What are the prime factors of 541?
541
List the prime factors of 975.
3, 5, 13
List the prime factors of 7058.
2, 3529
What are the prime factors of 28120?
2, 5, 19, 37
List the prime factors of 77532.
2, 3, 7, 13, 71
List the prime factors of 1376.
2, 43
List the prime factors of 2867.
47, 61
What are the prime factors of 9061?
13, 17, 41
List the prime factors of 4418.
2, 47
What are the prime factors of 34066?
2, 17033
List the prime factors of 4439.
23, 193
What are the prime factors of 37067?
101, 367
What are the prime factors of 5063?
61, 83
What are the prime factors of 1807?
13, 139
What are the prime factors of 2359?
7, 337
List the prime factors of 62381.
11, 53, 107
List the prime factors of 29862.
2, 3, 7, 79
List the prime factors of 105811.
19, 5569
What are the prime factors of 1112?
2, 139
List the prime factors of 143.
11, 13
What are the prime factors of 1914?
2, 3, 11, 29
List the prime factors of 2677.
2677
What are the prime factors of 504?
2, 3, 7
What are the prime factors of 54405?
3, 5, 13, 31
What are the prime factors of 10539?
3, 1171
List the prime factors of 3674.
2, 11, 167
List the prime factors of 2419.
41, 59
List the prime factors of 31423.
7, 67
What are the prime factors of 2505?
3, 5, 167
List the prime factors of 62935.
5, 41, 307
What are the prime factors of 1445?
5, 17
What are the prime factors of 22791?
3, 71, 107
What are the prime factors of 40286?
2, 20143
What are the prime factors of 46740?
2, 3, 5, 19, 41
List the prime factors of 3555.
3, 5, 79
List the prime factors of 1297.
1297
List the prime factors of 78067.
11, 47, 151
List the prime factors of 27913.
103, 271
What are the prime factors of 1478?
2, 739
List the prime factors of 26806.
2, 13, 1031
What are the prime factors of 1944?
2, 3
List the prime factors of 75661.
29, 2609
What are the prime factors of 50067?
3, 5563
List the prime factors of 1078.
2, 7, 11
What are the prime factors of 2619?
3, 97
What are the prime factors of 1865?
5, 373
What are the prime factors of 896?
2, 7
List the prime factors of 3650.
2, 5, 73
What are the prime factors of 7659?
3, 23, 37
List the prime factors of 37172.
2, 9293
List the prime factors of 6153.
3, 7, 293
List the prime factors of 17599.
17599
What are the prime factors of 20259?
3, 2251
List the prime factors of 114774.
2, 3, 11, 37, 47
List the prime factors of 11081.
7, 1583
What are the prime factors of 30339?
3, 3371
List the prime factors of 507.
3, 13
What are the prime factors of 3111?
3, 17, 61
List the prime factors of 967.
967
List the prime factors of 39970.
2, 5, 7, 571
What are the prime factors of 1243?
11, 113
List the prime factors of 4072.
2, 509
List the prime factors of 15192.
2, 3, 211
List the prime factors of 2477.
2477
List the prime factors of 91.
7, 13
List the prime factors of 4677.
3, 1559
What are the prime factors of 2233?
7, 11, 29
List the prime factors of 5962.
2, 11, 271
List the prime factors of 7453.
29, 257
What are the prime factors of 5261?
5261
List the prime factors of 236.
2, 59
What are the prime factors of 36634?
2, 13, 1409
What are the prime factors of 43062?
2, 3, 7177
What are the prime factors of 2315?
5, 463
List the prime factors of 145080.
2, 3, 5, 13, 31
List the prime factors of 536.
2, 67
List the prime factors of 132806.
2, 66403
What are the prime factors of 24315?
3, 5, 1621
List the prime factors of 9469.
17, 557
What are the prime factors of 1874?
2, 937
List the prime factors of 2567.
17, 151
What are the prime factors of 1739?
37, 47
List the prime factors of 758.
2, 379
What are the prime factors of 932?
2, 233
List the prime factors of 399.
3, 7, 19
List the prime factors of 1382.
2, 691
List the prime factors of 152002.
2, 76001
List the prime factors of 3695.
5, 739
List the prime factors of 1969.
11, 179
List the prime factors of 21348.
2, 3, 593
What are the prime factors of 9194?
2, 4597
List the prime factors of 2550.
2, 3, 5, 17
List the prime factors of 243.
3
List the prime factors of 1347.
3, 449
List the prime factors of 1248.
2, 3, 13
List the prime factors of 26895.
3, 5, 11, 163
List the prime factors of 11613.
3, 7, 79
List the prime factors of 975.
3, 5, 13
What are the prime factors of 10?
2, 5
What are the prime factors of 419?
419
List the prime factors of 4028.
2, 19, 53
List the prime factors of 54359.
19, 2861
What are the prime factors of 538?
2, 269
What are the prime factors of 1604?
2, 401
List the prime factors of 5360.
2, 5, 67
List the prime factors of 181400.
2, 5, 907
What are the prime factors of 193?
193
List the prime factors of 1632.
2, 3, 17
List the prime factors of 98.
2, 7
List the prime factors of 7381.
11, 61
What are the prime factors of 35802?
2, 3, 13, 17
List the prime factors of 161088.
2, 3, 839
What are the prime factors of 1236?
2, 3, 103
List the prime factors of 35868.
2, 3, 7, 61
List the prime factors of 2127.
3, 709
What are the prime factors of 3891?
3, 1297
List the prime factors of 62395.
5, 12479
List the prime factors of 17592.
2, 3, 733
List the prime factors of 5880.
2, 3, 5, 7
List the prime factors of 7024.
2, 439
List the prime factors of 13020.
2, 3, 5, 7, 31
What are the prime factors of 56358?
2, 3, 31, 101
List the prime factors of 2990.
2, 5, 13, 23
List the prime factors of 8913.
3, 2971
What are the prime factors of 1023?
3, 11, 31
What are the prime factors of 890?
2, 5, 89
List the prime factors of 50465.
5, 10093
What are the prime factors of 4423?
4423
What are the prime factors of 14486?
2, 7243
What are the prime factors of 8632?
2, 13, 83
List the prime factors of 14856.
2, 3, 619
What are the prime factors of 1607?
1607
What are the prime factors of 141739?
13, 10903
What are the prime factors of 1946?
2, 7, 139
What are the prime factors of 960?
2, 3, 5
List the prime factors of 15026.
2, 11, 683
What are the prime factors of 142007?
142007
What are the prime factors of 1725?
3, 5, 23
List the prime factors of 43745.
5, 13, 673
List the prime factors of 36855.
3, 5, 7, 13
List the prime factors of 156.
2, 3, 13
List the prime factors of 838.
2, 419
What are the prime factors of 3432?
2, 3, 11, 13
What are the prime factors of 9254?
2, 7, 661
List the prime factors of 857.
857
What are the prime factors of 3083?
3083
List the prime factors of 56023.
11, 463
List the prime factors of 371.
7, 53
What are the prime factors of 4831?
4831
What are the prime factors of 12735?
3, 5, 283
What are the prime factors of 493?
17, 29
What are the prime factors of 154?
2, 7, 11
What are the prime factors of 35663?
19, 1877
List the prime factors of 33172.
2, 8293
List the prime factors of 950.
2, 5, 19
List the prime factors of 2743.
13, 211
What are the prime factors of 66722?
2, 73, 457
What are the prime factors of 4560?
2, 3, 5, 19
What are the prime factors of 1543?
1543
List the prime factors of 995.
5, 199
List the prime factors of 466.
2, 233
List the prime factors of 4808.
2, 601
List the prime factors of 7682.
2, 23, 167
What are the prime factors of 2185?
5, 19, 23
What are the prime factors of 60?
2, 3, 5
What are the prime factors of 2407?
29, 83
What are the prime factors of 754?
2, 13, 29
List the prime factors of 8267.
7, 1181
List the prime factors of 918.
2, 3, 17
List the prime factors of 6566.
2, 7, 67
List the prime factors of 3803.
3803
List the prime factors of 1464.
2, 3, 61
List the pri